275?
False
Is 90 a factor of 5765?
False
Does 14 divide 61?
False
Does 6 divide 21078?
True
Does 51 divide 3366?
True
Is 1126 a multiple of 8?
False
Does 12 divide 654?
False
Is 22260 a multiple of 6?
True
Does 4 divide 1676?
True
Is 4116 a multiple of 6?
True
Does 26 divide 42588?
True
Is 24 a factor of 26352?
True
Is 19 a factor of 7220?
True
Is 15 a factor of 240?
True
Does 30 divide 6720?
True
Is 10 a factor of 1300?
True
Is 3200 a multiple of 8?
True
Does 22 divide 19338?
True
Does 7 divide 187?
False
Does 18 divide 32?
False
Is 9 a factor of 14202?
True
Is 34187 a multiple of 6?
False
Is 435 a multiple of 29?
True
Is 66 a factor of 32827?
False
Does 7 divide 5985?
True
Does 15 divide 1128?
False
Is 33 even?
False
Is 113346 a multiple of 27?
True
Is 15540 a multiple of 37?
True
Is 16 a factor of 8673?
False
Is 20 a factor of 940?
True
Is 36 a factor of 14634?
False
Is 7574 a multiple of 123?
False
Is 46 a factor of 4554?
True
Is 16 a factor of 334?
False
Does 13 divide 2110?
False
Is 3735 a multiple of 45?
True
Is 332 a multiple of 2?
True
Is 13986 a multiple of 111?
True
Is 407 a multiple of 50?
False
Is 20 a factor of 278?
False
Is 4 a factor of 16?
True
Is 18 a factor of 15522?
False
Is 700 a multiple of 16?
False
Does 14 divide 140?
True
Does 45 divide 1485?
True
Does 127 divide 12643?
False
Is 38 a factor of 289?
False
Is 1914 a multiple of 66?
True
Is 12630 a multiple of 76?
False
Does 16 divide 681?
False
Does 47 divide 2436?
False
Is 13440 a multiple of 31?
False
Does 2 divide 6?
True
Is 42800 a multiple of 16?
True
Is 88 a factor of 1936?
True
Is 21 a factor of 236?
False
Is 20982 a multiple of 21?
False
Does 11 divide 11902?
True
Is 319 a multiple of 11?
True
Is 120 a factor of 1200?
True
Is 11808 a multiple of 9?
True
Is 1770 a multiple of 30?
True
Does 30 divide 10890?
True
Does 8 divide 7512?
True
Is 4173 a multiple of 39?
True
Is 632 a multiple of 33?
False
Is 26 a factor of 52000?
True
Does 14 divide 1188?
False
Does 5 divide 4072?
False
Is 390 a multiple of 5?
True
Is 93 a multiple of 3?
True
Is 78020 a multiple of 188?
True
Is 8 a factor of 7442?
False
Does 51 divide 52291?
False
Is 14 a factor of 37357?
False
Is 40 a factor of 14585?
False
Is 32 a factor of 5760?
True
Is 6 a factor of 282?
True
Is 305 a factor of 50476?
False
Does 7 divide 176?
False
Is 6 a factor of 1916?
False
Does 11 divide 285?
False
Is 4635 a multiple of 34?
False
Does 10 divide 1470?
True
Is 12 a factor of 653?
False
Does 10 divide 14800?
True
Is 1589 a multiple of 28?
False
Is 39 a factor of 19319?
False
Is 1249 a multiple of 48?
False
Does 67 divide 17621?
True
Is 26 a factor of 679?
False
Is 12 a factor of 219?
False
Is 16 a factor of 2080?
True
Is 19 a factor of 52113?
False
Is 23 a factor of 50646?
True
Is 356 a factor of 69652?
False
Does 31 divide 7161?
True
Does 40 divide 2806?
False
Does 5 divide 720?
True
Is 85 a factor of 3485?
True
Is 75 a multiple of 15?
True
Does 16 divide 2433?
False
Is 13 a factor of 4589?
True
Does 24 divide 574?
False
Is 26 a factor of 6422?
True
Is 34922 a multiple of 15?
False
Is 5875 a multiple of 47?
True
Is 3934 a multiple of 53?
False
Is 43729 a multiple of 24?
False
Is 17 a factor of 79356?
True
Does 109 divide 6397?
False
Does 46 divide 532?
False
Does 22 divide 1016?
False
Is 47 even?
False
Is 343 even?
False
Is 15372 a multiple of 12?
True
Is 13 a factor of 3896?
False
Does 4 divide 364?
True
Is 88848 a multiple of 36?
True
Does 21 divide 189?
True
Is 972 a multiple of 12?
True
Is 5 a factor of 55?
True
Is 7 a factor of 621?
False
Is 1548 a multiple of 12?
True
Is 8536 a multiple of 97?
True
Is 4144 a multiple of 32?
False
Is 22003 a multiple of 87?
False
Does 69 divide 4762?
False
Does 6 divide 4272?
True
Is 77 a multiple of 11?
True
Is 55738 a multiple of 127?
False
Is 138 a multiple of 12?
False
Does 13 divide 94249?
False
Is 14931 a multiple of 17?
False
Is 72 a factor of 3239?
False
Does 21 divide 17199?
True
Is 177 a factor of 5196?
False
Does 6 divide 270?
True
Does 81 divide 209?
False
Is 133 a factor of 9005?
False
Is 18 a factor of 3726?
True
Is 1024 a multiple of 13?
False
Is 12 a factor of 5420?
False
Is 143 a factor of 25955?
False
Is 15 a factor of 58102?
False
Is 31 a factor of 3670?
False
Is 341 a factor of 62062?
True
Does 35 divide 9305?
False
Is 18 a factor of 252?
True
Is 31 a factor of 2358?
False
Does 5 divide 668?
False
Does 15 divide 91?
False
Does 53 divide 15582?
True
Is 42 a factor of 639?
False
Is 3014 a multiple of 11?
True
Is 130 a multiple of 47?
False
Does 110 divide 5562?
False
Is 33 a factor of 17160?
True
Is 8 a factor of 3419?
False
Is 11 a factor of 2310?
True
Is 25 a factor of 1012?
False
Is 44 a factor of 3960?
True
Is 876 a multiple of 12?
True
Is 97 a factor of 6404?
False
Does 6 divide 8034?
True
Is 137 a multiple of 41?
False
Is 10 a factor of 109?
False
Is 95 a factor of 2185?
True
Does 71 divide 11999?
True
Is 81 a factor of 6691?
False
Is 27 a factor of 270?
True
Is 106 a factor of 11342?
True
Does 54 divide 28966?
False
Is 5 a factor of 3035?
True
Does 29 divide 1566?
True
Is 114 a factor of 7984?
False
Does 17 divide 10676?
True
Is 14 a factor of 6930?
True
Does 225 divide 4275?
True
Is 40156 a multiple of 15?
False
Is 42 a factor of 13734?
True
Is 5751 a multiple of 23?
False
Does 8 divide 187?
False
Is 11448 a multiple of 20?
False
Is 5 a factor of 182?
False
Does 9 divide 936?
True
Is 30 a factor of 568?
False
Does 93 divide 8431?
False
Does 11 divide 30195?
True
Does 9 divide 23?
False
Is 4206 a multiple of 13?
False
Does 5 divide 214?
False
Is 22338 a multiple of 9?
True
Does 8 divide 6288?
True
Is 137 a factor of 3271?
False
Is 24310 a multiple of 26?
True
Is 32 a factor of 4437?
False
Is 10011 a multiple of 126?
False
Does 13 divide 1346?
False
Is 61 a factor of 556?
False
Does 203 divide 2842?
True
Is 532 a multiple of 38?
True
Is 10686 a multiple of 78?
True
Is 25046 a multiple of 14?
True
Is 57 a factor of 5757?
True
Is 37 a factor of 222?
True
Is 428 a multiple of 14?
False
Is 74 a factor of 5106?
True
Does 24 divide 91?
False
Does 18 divide 612?
True
Is 14 a factor of 168?
True
Is 742 even?
True
Does 206 divide 9066?
False
Is 72 a factor of 72?
True
Is 88 a factor of 7832?
True
Does 6 divide 160?
False
Is 12 a factor of 1472?
False
Is 12 a factor of 11592?
True
Is 2 a factor of 893?
False
Is 25 a factor of 27234?
False
Is 7959 a multiple of 70?
False
Is 112 a factor of 26320?
True
Is 1190 a multiple of 17?
True
Is 156 a factor of 18541?
False
Does 188 divide 17512?
False
Is 2265 a multiple of 6?
False
Is 9 a factor of 1925?
False
Is 988 a multiple of 38?
True
Does 35 divide 316?
False
Does 13 divide 24310?
True
Is 255 a factor of 31930?
False
Does 19 divide 1270?
False
Is 18 a factor of 18525?
False
Does 35 divide 595?
True
Does 72 divide 5712?
False
Is 4536 a multiple of 84?
True
Is 416 a multiple of 32?
True
Is 803 a multiple of 44?
False
Is 208 a factor of 12064?
True
Does 26 divide 25246?
True
Is 28 a factor of 2081?
False
Is 53 a factor of 297?
False
Is 49 a factor of 4058?
False
Does 24 divide 14987?
False
Does 8 divide 48?
True
Is 20040 a multiple of 14?
False
Is 12150 a multiple of 18?
True
Is 6663 even?
False
Is 56 a factor of 2961?
False
Does 22 divide 33137?
False
Does 41 divide 25875?
False
Is 1740 a multiple of 12?
True
Does 16 divide 17054?
False
Is 6374 a multiple of 13?
False
Does 43 divide 1003?
False
Does 25 divide 18300?
True
Is 365 a factor of 40646?
False
Is 14 a factor of 1786?
False
Does 29 divide 3799?
True
Is 68 a factor of 1946?
False
Is 14 a factor of 2690?
False
Does 22 divide 4794?
False
Is 9712 a multiple of 43?
False
Is 2 a factor of 78?
True
Is 12128 a multiple of 89?
False
Does 24 divide 4463?
False
Is 23 a factor of 770?
False
Does 10 divide 905?
False
Does 5 divide 10300?
True
Does 141 divide 282?
True
Is 193 a factor of 46142?
False
Is 15428 a multiple of 133?
True
Is 19 a factor of 570?
True
Does 12 divide 1356?
True
Is 40 a factor of 1770?
False
Does 8 divide 209?
False
Does 6 divide 862?
False
Is 5610 a multiple of 22?
True
Is 58249 a multiple of 48?
False
Is 12 a factor of 35724?
True
Is 2 a factor of 812?
True
Is 18 a factor of 666?
True
Is 14 a factor of 901?
False
Is 44588 a multiple of 314?
True
D